{"id":1645,"date":"2025-12-23T18:17:16","date_gmt":"2025-12-23T16:17:16","guid":{"rendered":"https:\/\/events.coachinginstitute.ro\/?post_type=speaker&#038;p=1645"},"modified":"2026-01-05T13:58:06","modified_gmt":"2026-01-05T11:58:06","slug":"catalina-ilie","status":"publish","type":"speaker","link":"https:\/\/events.coachinginstitute.ro\/en\/speaker\/catalina-ilie\/","title":{"rendered":"C\u0103t\u0103lina Ilie"},"content":{"rendered":"","protected":false},"featured_media":1667,"parent":0,"template":"","meta":{"_acf_changed":true,"_seopress_robots_primary_cat":"","_seopress_titles_title":"","_seopress_titles_desc":"","_seopress_robots_index":"","_kad_blocks_custom_css":"","_kad_blocks_head_custom_js":"","_kad_blocks_body_custom_js":"","_kad_blocks_footer_custom_js":"","_kad_post_transparent":"","_kad_post_title":"","_kad_post_layout":"","_kad_post_sidebar_id":"","_kad_post_content_style":"","_kad_post_vertical_padding":"","_kad_post_feature":"","_kad_post_feature_position":"","_kad_post_header":false,"_kad_post_footer":false,"_kad_post_classname":""},"tip-speaker":[29],"class_list":["post-1645","speaker","type-speaker","status-publish","has-post-thumbnail","hentry","tip-speaker-featured-speaker"],"acf":{"ocupatie":"Marketing Consultant \u2022 Accredited Coach \u2022 Trainer","descriere":"<span style=\"font-weight: 400;\">C\u0103t\u0103lina Ilie este consultant de marketing, coach acreditat \u0219i formator, cu peste 17 ani de experien\u021b\u0103 \u00een corpora\u021bii, ONG-uri \u0219i antreprenoriat. Fondatoare a agen\u021biei Marketing Creativ, a lucrat cu profesioni\u0219ti, lideri \u0219i echipe pe care le-a sus\u021binut s\u0103-\u0219i clarifice direc\u021bia, s\u0103-\u0219i dezvolte poten\u021bialul \u0219i s\u0103 transforme schimbarea \u00eentr-un avantaj real.<\/span>\r\n\r\n<span style=\"font-weight: 400;\">Autoare de programe \u0219i resurse educa\u021bionale, \u00eembin\u0103 rigoarea marketingului strategic cu profunzimea coachingului \u00eentr-o abordare centrat\u0103 pe responsabilitate, sens \u0219i performan\u021b\u0103 sustenabil\u0103. Creeaz\u0103 cadre \u00een care oamenii \u00ee\u0219i redescoper\u0103 vocea, se aliniaz\u0103 cu valorile lor \u0219i transform\u0103 \u201enu sunt preg\u0103tit\u201d \u00een \u201e\u00eencep acum\u201d.<\/span>\r\n\r\n<b>Topicul abordat \u00een cadrul evenimentului\r\n<\/b><b>Ascult\u0103. Vorbe\u0219te. Conecteaz\u0103. \u2013 Arta comunic\u0103rii empatice<\/b><b>\r\n<\/b><span style=\"font-weight: 400;\"> O explorare a modului \u00een care comunicarea empatic\u0103 transform\u0103 rela\u021biile profesionale, colaborarea \u0219i dinamica echipelor.<\/span>\r\n\r\n<b>\u201eCreez cadre \u00een care oamenii \u00ee\u0219i redescoper\u0103 vocea, se aliniaz\u0103 cu valorile lor \u0219i transform\u0103 \u00abnu sunt preg\u0103tit\u00bb \u00een \u00ab\u00eencep acum\u00bb.\u201d<\/b>"},"taxonomy_info":{"tip-speaker":[{"value":29,"label":"Featured Speaker"}]},"featured_image_src_large":["https:\/\/events.coachinginstitute.ro\/wp-content\/uploads\/2026\/01\/Catalina-Ilie-e1767614655167.jpg",720,646,false],"author_info":[],"comment_info":"","_links":{"self":[{"href":"https:\/\/events.coachinginstitute.ro\/en\/wp-json\/wp\/v2\/speaker\/1645","targetHints":{"allow":["GET"]}}],"collection":[{"href":"https:\/\/events.coachinginstitute.ro\/en\/wp-json\/wp\/v2\/speaker"}],"about":[{"href":"https:\/\/events.coachinginstitute.ro\/en\/wp-json\/wp\/v2\/types\/speaker"}],"wp:featuredmedia":[{"embeddable":true,"href":"https:\/\/events.coachinginstitute.ro\/en\/wp-json\/wp\/v2\/media\/1667"}],"wp:attachment":[{"href":"https:\/\/events.coachinginstitute.ro\/en\/wp-json\/wp\/v2\/media?parent=1645"}],"wp:term":[{"taxonomy":"tip-speaker","embeddable":true,"href":"https:\/\/events.coachinginstitute.ro\/en\/wp-json\/wp\/v2\/tip-speaker?post=1645"}],"curies":[{"name":"wp","href":"https:\/\/api.w.org\/{rel}","templated":true}]}}

Cătălina Ilie

<span style="font-weight: 400;">Cătălina Ilie este consultant de marketing, coach acreditat și formator, cu peste 17 ani de experiență în corporații, ONG-uri și antreprenoriat. Fondatoare a agenției Marketing Creativ, a lucrat cu profesioniști, lideri și echipe pe care le-a susținut să-și clarifice direcția, să-și dezvolte potențialul și să transforme schimbarea într-un avantaj real.</span>

<span style="font-weight: 400;">Autoare de programe și resurse educaționale, îmbină rigoarea marketingului strategic cu profunzimea coachingului într-o abordare centrată pe responsabilitate, sens și performanță sustenabilă. Creează cadre în care oamenii își redescoperă vocea, se aliniază cu valorile lor și transformă „nu sunt pregătit” în „încep acum”.</span>

<b>Topicul abordat în cadrul evenimentului
</b><b>Ascultă. Vorbește. Conectează. – Arta comunicării empatice</b><b>
</b><span style="font-weight: 400;"> O explorare a modului în care comunicarea empatică transformă relațiile profesionale, colaborarea și dinamica echipelor.</span>

<b>„Creez cadre în care oamenii își redescoperă vocea, se aliniază cu valorile lor și transformă «nu sunt pregătit» în «încep acum».”</b>
